r when 622707 is divided by 104?
59
Calculate the remainder when 10010588 is divided by 607.
551
What is the remainder when 6148831 is divided by 85?
16
What is the remainder when 158237 is divided by 1576?
637
Calculate the remainder when 10237455 is divided by 43378.
247
What is the remainder when 14667290 is divided by 41787?
53
Calculate the remainder when 1344914 is divided by 1344873.
41
Calculate the remainder when 24141037 is divided by 10199.
4
Calculate the remainder when 3244893 is divided by 9833.
3
Calculate the remainder when 841896 is divided by 841760.
136
Calculate the remainder when 141632 is divided by 23534.
428
What is the remainder when 2334422 is divided by 2085?
1307
What is the remainder when 14734554 is divided by 311?
307
What is the remainder when 8252025 is divided by 4126009?
7
What is the remainder when 1567676 is divided by 1396?
1364
What is the remainder when 380499 is divided by 6617?
3330
What is the remainder when 4102562 is divided by 210?
2
Calculate the remainder when 24462 is divided by 24419.
43
What is the remainder when 369038 is divided by 18449?
58
Calculate the remainder when 23938 is divided by 103.
42
Calculate the remainder when 31117 is divided by 6.
1
What is the remainder when 1620394 is divided by 20511?
25
What is the remainder when 28209762 is divided by 4701615?
72
Calculate the remainder when 34807 is divided by 34767.
40
Calculate the remainder when 875070 is divided by 875055.
15
What is the remainder when 268736 is divided by 4265?
41
Calculate the remainder when 21057400 is divided by 126.
28
Calculate the remainder when 9523542 is divided by 472.
470
What is the remainder when 6832762 is divided by 117?
79
Calculate the remainder when 38307260 is divided by 8297.
11
Calculate the remainder when 776944 is divided by 155117.
1359
What is the remainder when 3024237 is divided by 40?
37
Calculate the remainder when 2443535 is divided by 1027.
302
What is the remainder when 344908 is divided by 6459?
2581
Calculate the remainder when 260242 is divided by 1183.
1165
What is the remainder when 38484647 is divided by 7?
5
What is the remainder when 1862954 is divided by 1850?
4
What is the remainder when 18237049 is divided by 158583?
4
What is the remainder when 1003433892 is divided by 83?
80
Calculate the remainder when 108017979 is divided by 58.
55
What is the remainder when 594064510 is divided by 24?
22
What is the remainder when 3259487 is divided by 7?
0
Calculate the remainder when 45194189 is divided by 9038829.
44
Calculate the remainder when 2152444 is divided by 25.
19
What is the remainder when 15570714 is divided by 837?
3
What is the remainder when 15055933 is divided by 11?
2
What is the remainder when 1622032 is divided by 12285?
412
What is the remainder when 4975304 is divided by 599?
10
What is the remainder when 1119742 is divided by 472?
158
Calculate the remainder when 6062298 is divided by 81.
15
Calculate the remainder when 1684261 is divided by 1813.
1797
Calculate the remainder when 13016853 is divided by 14.
3
Calculate the remainder when 21348335 is divided by 470.
465
Calculate the remainder when 11584952 is divided by 3706.
3702
Calculate the remainder when 64769 is divided by 247.
55
Calculate the remainder when 2126198 is divided by 533.
61
Calculate the remainder when 29276264 is divided by 447.
446
What is the remainder when 941170 is divided by 3314?
3308
What is the remainder when 243999 is divided by 1249?
444
What is the remainder when 35643 is divided by 11830?
153
What is the remainder when 19747762 is divided by 6582586?
4
What is the remainder when 6808436 is divided by 1419?
74
Calculate the remainder when 283853215 is divided by 1047.
1045
What is the remainder when 780308 is divided by 78?
74
What is the remainder when 71002 is divided by 70954?
48
Calculate the remainder when 769329 is divided by 768728.
601
Calculate the remainder when 446374 is divided by 223183.
8
What is the remainder when 764223 is divided by 5?
3
Calculate the remainder when 114492 is divided by 2482.
320
What is the remainder when 1604314 is divided by 37?
31
Calculate the remainder when 30560891 is divided by 91.
88
Calculate the remainder when 2695081 is divided by 29.
24
What is the remainder when 4105 is divided by 594?
541
Calculate the remainder when 551529 is divided by 275763.
3
Calculate the remainder when 39963797 is divided by 106.
101
Calculate the remainder when 2059691 is divided by 514922.
3
What is the remainder when 495109 is divided by 70725?
34
Calculate the remainder when 37644554 is divided by 1065.
1064
Calculate the remainder when 151408764 is divided by 1560915.
9
Calculate the remainder when 718147 is divided by 265.
262
What is the remainder when 943073 is divided by 3176?
2977
What is the remainder when 64906 is divided by 4489?
2060
Calculate the remainder when 89033950 is divided by 387.
343
Calculate the remainder when 55282228 is divided by 3948730.
8
Calculate the remainder when 180274 is divided by 114.
40
Calculate the remainder when 1766537 is divided by 10148.
785
What is the remainder when 3765869 is divided by 1673?
1619
What is the remainder when 36000006 is divided by 9107?
35
Calculate the remainder when 19742949 is divided by 21961.
10
Calculate the remainder when 86658 is divided by 42811.
1036
Calculate the remainder when 1385423 is divided by 9961.
844
What is the remainder when 502415 is divided by 20?
15
What is the remainder when 78093690 is divided by 3830?
3820
Calculate the remainder when 60814630 is divided by 4722.
4714
What is the remainder when 156372 is divided by 76524?
3324
Calculate the remainder when 6603147 is divided by 5056.
11
Calculate the remainder when 17910814 is divided by 231.
229
What is the remainder when 236717 is divided by 243?
35
What is the remainder when 54600 is divided by 18025?
525
What is the remainder when 74658 is divided by 6783?
45
What is the remainder when 22060709 is divided by 2910?
2909
What is the remainder when 156207522 is divided by 5386466?
8
What is the remainder when 2856237 is divided by 12808?
53
What is the remainder when 9073145 is divided by 10814?
199
What is the remainder when 156025 is divided by 15490?
1125
What is the remainder when 172205385 is divided by 2690709?
9
Calculate the remainder when 25222248 is divided by 99.
18
What is the remainder when 879584 is divided by 175?
34
Calculate the remainder when 650596 is divided by 325279.
38
What is the remainder when 2877155 is divided by 1922?
1843
Calculate the remainder when 60627418 is divided by 121.
5
What is the remainder when 176025 is divided by 1265?
190
What is the remainder when 983905 is divided by 980?
965
Calculate the remainder when 16305143 is divided by 40.
23
Calculate the remainder when 2108445 is divided by 12856.
61
What is the remainder when 1422979 is divided by 9006?
31
Calculate the remainder when 567343 is divided by 800.
143
Calculate the remainder when 1241180 is divided by 3382.
3368
What is the remainder when 393915 is divided by 6423?
2112
Calculate the remainder when 47780450 is divided by 7714.
7648
What is the remainder when 3151246 is divided by 34252?
62
Calculate the remainder when 9541629 is divided by 192.
189
What is the remainder when 785807 is divided by 115?
12
What is the remainder when 107368533 is divided by 44?
41
Calculate the remainder when 113514968 is divided by 31.
5
What is the remainder when 132777 is divided by 16564?
265
Calculate the remainder when 2520390 is divided by 100.
90
Calculate the remainder when 309461 is divided by 303.
98
Calculate the remainder when 2791729 is divided by 416.
369
What is the remainder when 13346352 is divided by 834144?
48
What is the remainder when 7570998 is divided by 3785479?
40
What is the remainder when 3216166 is divided by 38?
36
Calculate the remainder when 148523 is divided by 1349.
133
Calculate the remainder when 46752363 is divided by 15584121.
0
Calculate the remainder when 297355 is divided by 148673.
9
What is the remainder when 297975 is divided by 3204?
3
What is the remainder when 1962213 is divided by 3006?
2301
What is the remainder when 1858556 is divided by 37?
9
What is the remainder when 201053 i